{"id":15,"date":"2025-03-12T13:43:19","date_gmt":"2025-03-12T16:43:19","guid":{"rendered":"https:\/\/pmgirscacador.fepese.org.br\/?page_id=15"},"modified":"2025-06-03T13:08:03","modified_gmt":"2025-06-03T13:08:03","slug":"legislacao","status":"publish","type":"page","link":"http:\/\/pmgirscacador.fepese.org.br\/?page_id=15","title":{"rendered":"Legisla\u00e7\u00e3o"},"content":{"rendered":"<h3>PLANARES<\/h3>\n<p>O Plano Nacional de Res\u00edduos S\u00f3lidos &#8211; <strong>PLANARES<\/strong> (<em>Decreto<\/em> N\u00ba 11.043, de 13 de abril de 2022)- \u00e9 um importante instrumento da Pol\u00edtica Nacional de Res\u00edduos S\u00f3lidos pois apresenta um caminho para se alcan\u00e7ar os objetivos e materializar a Pol\u00edtica Nacional de Res\u00edduos S\u00f3lidos por meio de diretrizes, estrat\u00e9gias, a\u00e7\u00f5es e metas para melhorar a gest\u00e3o de res\u00edduos s\u00f3lidos no Pa\u00eds.<br \/>\nO plano prev\u00ea ainda o aumento da reciclagem de res\u00edduos da constru\u00e7\u00e3o civil para 25%, incentiva a reciclagem de materiais, contribui para a cria\u00e7\u00e3o de empregos verdes, bem como possibilita melhor atendimento a compromissos internacionais e acordos multilaterais, e representa passo importante no processo de acess\u00e3o do Brasil \u00e0 Organiza\u00e7\u00e3o para a Coopera\u00e7\u00e3o e Desenvolvimento Econ\u00f4mico &#8211; OCDE.<\/p>\n<p>Conhe\u00e7a o <a href=\"https:\/\/portal-api.sinir.gov.br\/wp-content\/uploads\/2022\/07\/Planares-B.pdf\" target=\"_blank\" rel=\"noopener\">PLANARES<\/a>.<\/p>\n<h3>PNRS<\/h3>\n<p>A Pol\u00edtica Nacional de Res\u00edduos S\u00f3lidos &#8211; <strong>PNRS<\/strong> (Lei n\u00ba 12.305, de 2 de agosto de 2010) &#8211; estabelece as diretrizes e instrumentos para a gest\u00e3o integrada e sustent\u00e1vel dos res\u00edduos s\u00f3lidos no Brasil<\/p>\n<p>Acesse a <a href=\"https:\/\/bibliotecadigital.economia.gov.br\/bitstream\/123456789\/553\/1\/L12305_RS.pdf\" target=\"_blank\" rel=\"noopener\">PNRS<\/a>.<\/p>\n","protected":false},"excerpt":{"rendered":"<p>PLANARES O Plano Nacional de Res\u00edduos S\u00f3lidos &#8211; PLANARES (Decreto N\u00ba 11.043, de 13 de abril de 2022)- \u00e9 um importante instrumento da Pol\u00edtica Nacional de Res\u00edduos S\u00f3lidos pois apresenta um caminho para se alcan\u00e7ar os objetivos e materializar a Pol\u00edtica Nacional de Res\u00edduos S\u00f3lidos por meio de diretrizes, estrat\u00e9gias, a\u00e7\u00f5es e metas para melhorar &hellip;<\/p>\n","protected":false},"author":2,"featured_media":0,"parent":0,"menu_order":0,"comment_status":"closed","ping_status":"closed","template":"","meta":{"footnotes":""},"class_list":["post-15","page","type-page","status-publish","hentry"],"_links":{"self":[{"href":"http:\/\/pmgirscacador.fepese.org.br\/index.php?rest_route=\/wp\/v2\/pages\/15","targetHints":{"allow":["GET"]}}],"collection":[{"href":"http:\/\/pmgirscacador.fepese.org.br\/index.php?rest_route=\/wp\/v2\/pages"}],"about":[{"href":"http:\/\/pmgirscacador.fepese.org.br\/index.php?rest_route=\/wp\/v2\/types\/page"}],"author":[{"embeddable":true,"href":"http:\/\/pmgirscacador.fepese.org.br\/index.php?rest_route=\/wp\/v2\/users\/2"}],"replies":[{"embeddable":true,"href":"http:\/\/pmgirscacador.fepese.org.br\/index.php?rest_route=%2Fwp%2Fv2%2Fcomments&post=15"}],"version-history":[{"count":4,"href":"http:\/\/pmgirscacador.fepese.org.br\/index.php?rest_route=\/wp\/v2\/pages\/15\/revisions"}],"predecessor-version":[{"id":2097,"href":"http:\/\/pmgirscacador.fepese.org.br\/index.php?rest_route=\/wp\/v2\/pages\/15\/revisions\/2097"}],"wp:attachment":[{"href":"http:\/\/pmgirscacador.fepese.org.br\/index.php?rest_route=%2Fwp%2Fv2%2Fmedia&parent=15"}],"curies":[{"name":"wp","href":"https:\/\/api.w.org\/{rel}","templated":true}]}}